se 0 = 5*r - r - m. Does 15 divide r?
False
Suppose 0 = -3*k + 6, j - 5*j - 2*k - 4 = 0. Let l = 13 + j. Is 5 a factor of l?
False
Suppose 4*q - 297 = 23. Is q a multiple of 14?
False
Let x be 12/(-30) - (-42)/5. Is 4*(-2 + x + -2) a multiple of 16?
True
Let o = 6 + -6. Suppose -2*s = -o*s + 4. Does 4 divide ((-12)/s)/(2/2)?
False
Let s = -5 + 2. Is 6 a factor of 19/3 + s/9?
True
Suppose 14*m - 10*m = 144. Does 8 divide m?
False
Suppose 0 = 2*t + 2 - 38. Let j = 4 + t. Does 13 divide j?
False
Suppose a = -0 + 7. Let d(x) = 2*x - 11. Let c be d(7). Let r = a - c. Does 4 divide r?
True
Let s = -7 - -5. Is -2 - (0 - s - 9) a multiple of 5?
True
Suppose 0 = -5*w - 38 - 17. Is 9 a factor of (-6)/3 - (0 + w)?
True
Suppose 71 = d - 25. Is d a multiple of 25?
False
Suppose -c - 6*d + 142 = -11*d, 0 = 2*c - 2*d - 268. Is c a multiple of 22?
True
Suppose -4*u - 4*s + 112 = 0, -u + 72 = 2*u - 3*s. Is 4 a factor of u?
False
Let c be -3 + 3 + 10 + 0. Suppose 5*y = d - 34 - 2, -5*y + c = 0. Is d a multiple of 23?
True
Let h(p) = 10*p**2 + p - 1. Is h(-1) a multiple of 4?
True
Suppose 485 = 8*b + 37. Does 8 divide b?
True
Let o(t) = t**2 + 8*t - 6. Suppose -3*v + 3*i - 48 = 0, -v - i = i + 1. Is 9 a factor of o(v)?
True
Suppose 0 = 6*s - 3*s - 63. Does 7 divide s?
True
Let v be (1/3)/((-1)/(-9)). Let o(t) = 2*t**2 - 3*t + 3. Is o(v) a multiple of 10?
False
Let i = 274 + -100. Does 19 divide i?
False
Let m(j) = -j**2 + 19*j + 12. Is 10 a factor of m(11)?
True
Let d be -2 - (-2 + -4 - 3). Suppose d = b - 17. Is b a multiple of 8?
True
Suppose j = 4*j + 3*r - 114, -r - 126 = -3*j. Let d = 82 - j. Is 19 a factor of d?
False
Let u be -3 + 12/(2 - 0). Suppose u*s - 64 = 68. Is s a multiple of 22?
True
Suppose -875 + 157 = -5*a + 4*s, 2*a - 301 = -3*s. Does 32 divide a?
False
Is 5 a factor of (-5)/((0 - 2)/10)?
True
Let d = -30 - -66. Suppose -3*o - 5*n - 15 = 0, 4*o + 2*n = -2*n - 28. Let i = o + d. Is i a multiple of 14?
False
Let q(i) = i**2 - 12*i + 14. Is q(11) a multiple of 3?
True
Suppose 0 = 6*f - 398 - 202. Is f a multiple of 10?
True
Is 0 + (-42)/((-1)/1) a multiple of 14?
True
Suppose 4*v = -v - 4*g + 30, -4*v + 5*g = 17. Is 59/v - (-1)/2 a multiple of 10?
True
Suppose 0*y - 101 = -y. Let w = -154 + y. Let c = -36 - w. Is c a multiple of 16?
False
Suppose 0 = k + 4*d + 3, 0 = 3*k + k - 4*d - 8. Suppose k + 1 = i, -2038 = 2*w + i. Is w/(-39) - 2/13 a multiple of 13?
True
Suppose -2*g + j + 483 = 0, 3*g - 5*j = -g + 957. Is 9 a factor of g?
True
Let n = -11 + 23. Suppose f = -3 + n. Is 9 a factor of f?
True
Suppose 2*i = -3*w + 74, -3*w = -i - 58 - 13. Does 6 divide w?
True
Suppose 12 = 3*h - 12. Does 4 divide h?
True
Let b = -33 - -54. Does 22 divide (-6)/b + 352/7?
False
Let z(u) = -u**3 - 6*u**2 - 8*u - 4. Suppose 4*k - 8*k - 20 = 0. Does 5 divide z(k)?
False
Let b(g) = g**3 + 7*g**2 + 4*g - 2. Let k be b(-6). Suppose -2*h + k = 2*z, -21 = -5*h - 4*z + 3*z. Is h a multiple of 4?
True
Suppose 0 = 3*d - 117 + 6. Is 7 a factor of d/5 + (-4)/10?
True
Let u = -4 + 2. Let x(l) = 17*l**2 - 11*l + 14. Let m(c) = -6*c**2 + 4*c - 5. Let d(a) = 8*m(a) + 3*x(a). Is d(u) a multiple of 8?
True
Let b(f) = 2*f - 18. Let v be b(9). Suppose v = -2*u - u + 114. Is 11 a factor of u?
False
Let a be 8/(-14) - (-22)/14. Is 19 a factor of a - (-46 - (2 - 1))?
False
Suppose 5*t + 9 = -v - 2, 5*t = -2*v - 7. Suppose 8 = c + q - 0*q, v*c - 2*q = 32. Suppose -x + c - 3 = 0. Is 5 a factor of x?
True
Suppose -j - 2*n + 9 = 0, -3*j + 2 + 17 = 2*n. Let g = 83 - -22. Suppose -u - 4*u + 145 = -j*b, -g = -3*u - 3*b. Is u a multiple of 17?
False
Suppose -4*l = -5*m - 72, 18 = l - 4*m - 0*m. Let x be 24/l*6/4. Suppose -x*v + 5*v - 2*c - 5 = 0, 4*c - 40 = -4*v. Does 3 divide v?
False
Suppose 39 + 1 = 5*a. Let k = a + 16. Is 12 a factor of k?
True
Let s = -8 - -13. Is s a multiple of 2?
False
Let s = 5 + 4. Suppose 7*k - s*k = -58. Is k a multiple of 5?
False
Suppose -2*b + 5 = -5. Suppose -4*i = -y - b*i + 14, 0 = 3*i + 9. Does 7 divide 2/2 + 2 + y?
False
Let n(z) = -40*z. Is n(-3) a multiple of 12?
True
Let g be 0/((3 - 6)/(-3)). Suppose -3*z + 81 = -g*z. Is 27 a factor of z?
True
Let a be 0 + 16/(0 - -2). Suppose -3*i - 3 = j + a, i = 5*j + 135. Is 10 a factor of (j/8)/(2/(-16))?
False
Let s = 1 - -4. Suppose -3*y - y + 4*p = -228, -s*y + 3*p + 279 = 0. Is 27 a factor of y?
True
Let a(i) = 16*i**2 - 3*i - 2. Is a(3) a multiple of 19?
True
Let n = 6 - -2. Suppose n = -4*d, t - 4*d = 1 - 297. Does 17 divide (-12)/(-36) - t/6?
True
Let z = -157 + 511. Is 59 a factor of z?
True
Suppose 2*s + 2*r - 120 = 82, -r - 529 = -5*s. Does 17 divide s?
False
Suppose -2*m + 1 = 7. Does 6 divide (1 - -68)*(-1)/m?
False
Let m(d) = -d**2 + 6*d + 11. Let a be m(-5). Let f = -4 - a. Is 10 a factor of f?
True
Let q = -6 + 4. Let g(y) = -y**2 + 8*y - 10. Let u be g(7). Is 2 a factor of (28/6)/(q/u)?
False
Is (75/12 + 0)/((-2)/(-8)) a multiple of 4?
False
Let r(s) = -s**3 + 7*s**2 - 6*s + 9. Let u be r(6). Let q = u + -1. Suppose q = -2*y, 7*y - 58 = -3*o + 2*y. Does 20 divide o?
False
Let m = 8 + -4. Does 10 divide (10/4)/(1/m)?
True
Let f = 2 + -5. Does 4 divide f*5*4/(-6)?
False
Let q be -3 + 7 + -4 - -1. Is 5 a factor of (1 - (q + -18)) + 2?
True
Let i = 266 + -139. Is 38 a factor of i?
False
Suppose -2*m - 158 = 3*x, 0 = -0*m + m - 2*x + 72. Let t = -26 - m. Is 25 a factor of t?
True
Suppose -5*p + 6 = d - 1, 0 = d - 5*p - 7. Does 7 divide d?
True
Let o(p) = 84*p**3 + p**2. Let d be o(1). Suppose -5*j = 5*a - d, 2*j - 4*a + 55 = 5*j. Does 12 divide j?
False
Suppose 3*i + 2 + 22 = 2*w, w - i = 11. Is 6 a factor of w?
False
Let q(i) = i**2 - 8*i + 2. Let u be q(8). Let s = 6 - u. Is s/(-12) - (-74)/6 a multiple of 6?
True
Let u(a) = a**3 + 9*a**2 + 6*a + 8. Is 12 a factor of u(-8)?
True
Let d(x) be the third derivative of -x**4/6 - x**3 - 2*x**2. Is 11 a factor of d(-8)?
False
Let g(d) = 6*d**2 - d - 4. Let o(z) = -7*z**2 + z + 4. Let b(q) = 6*g(q) + 5*o(q). Let w(j) = j**3 + j**2 + 3. Let l be w(0). Is 2 a factor of b(l)?
True
Let q = 16 - 9. Suppose -4 = -2*x, 4*x = -w + 2 + q. Let j = 15 - w. Is j a multiple of 5?
False
Let v = -36 - -43. Let y = -50 + 71. Let m = v + y. Does 12 divide m?
False
Let a = -45 + 6. Let y = -17 - a. Is 10 a factor of y?
False
Is 17 a factor of (1/(-4))/1 + 500/16?
False
Suppose 2*j = v - 14, v - 10 - 3 = 3*j. Is 9 a factor of v?
False
Let p = 12 + -1. Does 3 divide p?
False
Let w(x) = 22*x**2 + x + 1. Let n be w(-1). Let d(f) = -3*f + 1. Let i be d(-1). Let q = n + i. Is q a multiple of 14?
False
Suppose -5*b + 412 = 162. Is b a multiple of 8?
False
Let y(w) = w**3 - 3*w**2 - 8*w + 14. Is 21 a factor of y(7)?
False
Let v be (-4)/((-1)/5 - 0). Suppose -2*a = -28 - v. Does 24 divide a?
True
Let b = 154 + -104. Is b a multiple of 10?
True
Suppose -3*v + 5 = 2*v, -n + 44 = -4*v. Let c(r) = -r + 2. Let o be c(0). Suppose -o*w + n = -0*w. Is 13 a factor of w?
False
Let t(g) = 3*g - 4. Let q be t(-4). Let s = q + 41. Is 7 a factor of s?
False
Is 11 a factor of (-60)/9*1*(-7 - -1)?
False
Suppose -23 + 83 = 4*q. Is 2 a factor of q?
False
Suppose 5*y = 451 - 1501. Is (6/5)/((-6)/y) a multiple of 24?
False
Let c(b) = b**3 + 6*b**2 - 9*b - 2. Let z be c(-7). Suppose -3*f - 10 = 3*k + f, f + z = 4*k. Is 11 a factor of (-4)/k*(-30)/4?
False
Suppose -g + 187 = 4*u, -u + 21 + 24 = 2*g. Does 25 divide u?
False
Let u = 3 - 13. Let c be 12/5 - (-4)/u. Suppose i - 18 = 3*d, 4*i - 4*d = -c + 74. Does 11 divide i?
False
Let a(j) = -2*j**3 - 8*j**2 - 6*j - 5. Let m be a(-5). Suppose -2*w = 3*w - m. Does 6 divide w?
False
Suppose -3*o + 70 = -o. Does 9 divide o?
False
Let m be 1 - (-2 + (0 - -3)). Let l(c) = -c**3 + 5*c**2 - 2*c - 5. Let g be l(4). Suppose -g*u = -2*f + 22, m = -3*f + u + 3*u + 33. Is f a multiple of 11?
True
Let b(f) = -f**3 - 7*f**2 - 7*f - 1. Let j be b(-6). Suppose -j*t = -2*t - 42. Is 5 a factor of t?
False
Let f(b) = -7*b - 3. Let n = 3 + 3. Let i = 4 - n. Does 4 divide f(i)?
False
Let n = -671 + 1011. Suppose -j - j = -n. Suppose 0 = -4*b - 3*a + 134, 4*b = -2*a + j - 38. Is b a multiple of 14?
False
Suppose -5*o = -3*o. Suppose z - 4*z + 102 = o. Does 12 divide z?
False
Suppose r - 1 = 2*r + 2*b, -3*b = -r + 4. Let a = 10 + r. Is 5 a factor of a?
False
Let b = 10 - 4. Sup